18. Give h(m).
-6
Let n(f) = -3*f**3 + 2*f**2 - 2*f - 4. Let j(l) = 52*l + 1615. Let t be j(-31). What is n(t)?
-73
Let a(y) be the third derivative of y**6/60 + 7*y**5/20 - 7*y**4/12 - 19*y**3/6 + 5*y**2 + 261*y - 1. What is a(-11)?
14
Let v(t) = -134*t - 906. Let k(q) = -66*q - 449. Let z(c) = 5*k(c) - 2*v(c). Determine z(-7).
1
Let m be ((3 - 2)*(-9 + 16)/21)/2. Let j(w) be the third derivative of 1/8*w**4 - m*w**3 - 1/20*w**5 + 0 + 0*w - 12*w**2 + 1/120*w**6. Calculate j(2).
1
Let y(h) = -3*h**2 - 9*h + 6. Let p(i) = -8*i**2 - 27*i + 18. Let b(w) = 4*p(w) - 11*y(w). Let q = 184 - 183. Let t be (-10)/(-5) + -4 - (-6)/q. What is b(t)?
-14
Let s(m) = -43*m - 36*m + 126*m - 20*m - 1. Determine s(1).
26
Suppose -18*v + 37*v - 133 = 0. Let h(q) = q - v - 1 - 1 + 4 + 7. Let u be ((-2)/(-4))/(2/(-20)). What is h(u)?
-3
Let y(u) = 2*u - 11. Suppose -818*z = -850*z + 288. Calculate y(z).
7
Let t(j) be the second derivative of -j**6/720 - 7*j**5/40 - 5*j**4/12 - j**3/3 + 85*j. Let s(u) be the third derivative of t(u). Calculate s(-16).
-5
Let j = -167 + 172. Suppose -5*d - 5*h + 4 = -31, -4*h + 13 = -d. Let b(f) = -5*f**2 + 2*f + 0 + 0*f**2 + 3 + f**d. Calculate b(j).
13
Let d be (1*-1)/(-4*3/60). Suppose 3*t - 3*a - 21 = -6*a, d*a - 25 = 0. Let v(u) = -80*u - 2 + 4 + 85*u - u**t. Determine v(4).
6
Let b(j) = -715255*j + 0*j**2 + 45 + j**2 + 715232*j. Give b(21).
3
Let d = 3105 - 3090. Let t(q) = -q**3 + 14*q**2 + 13*q + 31. What is t(d)?
1
Let p(v) = -7 + v + 7 - 3*v + 6*v. Let o be (-6)/(-33) - 62/(-22). Suppose o*q - 2*u + 40 = -2*q, 0 = q + 5*u - 19. What is p(q)?
-24
Let j(i) = i**3 - 5*i**2 + 10*i - 9. Let v(r) = 4*r**3 - 33*r**2 - 26*r - 5. Let m be v(9). Calculate j(m).
15
Let m(d) = -15*d**3 - 4*d**2 + d. Let c(t) = -45*t**3 - 11*t**2 + 3*t. Let y(g) = -4*c(g) + 11*m(g). Suppose 0*i + 13*i + 16 = -3*i. Calculate y(i).
-14
Let o(t) = 19*t**3 - 40*t**2 + 28*t - 55. Let j be o(2). Let m(l) = -94*l - 662. What is m(j)?
-4
Suppose 0*m = 5*h + 4*m + 10, 4*h = m + 13. Suppose -4*t - 5 = 2*u - 35, 6 = h*t. Let i(g) = -g**3 + 10*g**2 - 9*g + 13. What is i(u)?
13
Let y(b) be the second derivative of 0*b**3 + 16*b + 1/2*b**2 - 1/12*b**4 + 0. Let n(d) = 4*d**2 + 2*d - 6. Let s(t) = -n(t) - 3*y(t). What is s(-4)?
-5
Suppose -4*o + o = -3, -6 = -3*t + 3*o. Suppose 2*v + 2*h = 3*v - t, -3*v - h = -23. Let m(i) = v + 7*i**2 - 6 - 16*i**2. Determine m(-1).
-8
Let h(y) = 13*y - 2. Let t = 901 - 1281. Let i = t + 381. Determine h(i).
11
Let q be (4 + 4/3)*198/8. Suppose -124*n + 24 = -q*n. Let y(r) = -r**3 - r**2 + 2*r. Give y(n).
12
Let u(q) = 7*q**3 + 4*q**2 + 3*q + 112. Let a(t) = -13*t**3 - 9*t**2 - 5*t - 204. Let f(d) = -5*a(d) - 9*u(d). Calculate f(-5).
-3
Let l be 1 - 9 - -10*(-56)/(-70). Let o(f) be the third derivative of -f**6/120 + 25*f**3/6 - 15*f**2. Determine o(l).
25
Let g(c) be the first derivative of 3*c**2/2 + 7*c + 111. Calculate g(-10).
-23
Suppose -2*r + 9 = -3*w, -2*r = w + 30 - 35. Suppose 0 = 2*x + 4*m + 10, -3 = -2*x - x + r*m. Let s(t) = -16*t**3 - t**2 + 1. What is s(x)?
16
Suppose -42 = -35*t + 29*t. Let i(j) be the second derivative of j**3/3 - 3*j**2 + 37*j. Give i(t).
8
Suppose -5*r + 5*z + 60 = 0, r + 0*z - 8 = -3*z. Let v(n) be the second derivative of n**3/3 - 8*n**2 + 44*n. Determine v(r).
6
Let n(j) be the second derivative of -j**4/12 + 37*j**3/6 - 79*j**2 - 450*j. Calculate n(5).
2
Let y(k) be the first derivative of -k**3 - 3*k - 1/4*k**4 - 1 - 3/2*k**2. Suppose 0 = -5*d - 10, -2*d = 2*t + 1 + 7. Give y(t).
-1
Let x = -2 + 5. Let p(i) be the third derivative of i**5/60 + 2*i**3/3 + 15490*i**2. What is p(x)?
13
Let u(p) be the first derivative of p**3 + 5*p + 5/2*p**2 + 45. Give u(-2).
7
Let y(m) = -3*m + 7. Suppose 623 = 7*s - 3472. Let k be 87/27 - (-13)/(s/(-10)). What is y(k)?
-2
Let x(y) = 89 + 12*y + 58 + 0 - 27. Let f be x(-10). Let g(i) = -3*i - 1. Give g(f).
-1
Let w(r) = -87*r + 29*r + 29*r - 9 + 26*r + 2*r**3 + 2*r**2. Give w(-2).
-11
Let t(v) be the third derivative of 0 - 35*v**2 + 0*v + v**3 + 1/3*v**4 + 7/60*v**5 - 1/120*v**6. Calculate t(8).
6
Let j(t) = -4*t + 16. Let f(g) = -9*g + 37. Let r(d) = 3*f(d) - 7*j(d). Suppose z = -1, -4*y - 2*z = -z + 21. Let l be 1/y - (-92)/10. Determine r(l).
8
Let h(y) be the first derivative of -y**4/4 - y**3 + 3*y**2/2 + 6*y - 4. Let a(i) = -2 - 2 + 4 + 2*i. Let v be a(-2). Determine h(v).
10
Let f(n) = n - 5*n - 12 + n + n - 5*n. Calculate f(4).
-40
Let d(g) = -2*g**3 + g**2 + g - 2. Let p be d(-2). Let c(s) = 4 - 3*s**3 + 2*s**3 + 15373*s - 15357*s + 15*s**2. What is c(p)?
4
Suppose 8 = 3*l - 37. Suppose -2 + 11 = 3*n. Suppose 3*t - t = o - n, -4*t = -5*o - l. Let w(f) = -f**2 - 5*f + 5. Determine w(o).
-9
Let a(h) = 18*h + 95. Suppose -3*x = -2*c + 27, -4*x - 3*c = -c + 8. What is a(x)?
5
Let s(w) be the second derivative of w**5/20 - 7*w**4/12 + w**3/6 + 9*w**2/2 + 2*w - 3068. What is s(-3)?
-84
Let o(y) = 5*y**3 - y**3 + 2*y**3 + 5 - 5*y**3 - 5*y**2 - y**2. Calculate o(6).
5
Let h(n) = n**3 + n**2 + 2*n - 1. Let y(w) = -8*w + 59. Let g be y(7). Let i(q) = -4*q**3 - 10*q**2 - 13*q - 5. Let r(u) = g*h(u) + i(u). What is r(-6)?
-2
Let l(g) be the first derivative of -7*g**3/6 - 3*g**2/2 + 9*g - 226. Let r(w) be the first derivative of l(w). Determine r(-3).
18
Let t = 12131 + -12125. Let l(z) = -3*z**2 + 7*z + 4. Give l(t).
-62
Let g(h) = 3*h**2 - 47*h - 146. Let y be g(-3). Let f(c) = -2*c + 8. Determine f(y).
-36
Suppose -1 = -u, -4*u + 18 - 96 = -o. Let i = o - 75. Let a(m) be the first derivative of m**3/3 - 5*m**2/2 - 7*m - 1. What is a(i)?
7
Suppose -2*x - 17 = -26*p + 29*p, -3*p + x = 5. Let a(w) = 4*w**2 + 6*w + 2. Determine a(p).
20
Let b(u) be the second derivative of 10*u**3/3 + 177*u**2/2 + 692*u - 3. Determine b(-8).
17
Let b(x) = x**3 - 9*x**2 + 4*x - 3. Let u(n) = n**3 + 15*n**2 + 37*n - 69. Let m be u(-11). What is b(m)?
-35
Suppose 3*z + 5*v + 26 = 45, 2*v = 2*z - 34. Let g(p) = -p**2 + 13*p + 1. Calculate g(z).
1
Suppose 16*z = 33*z - 51. Suppose g = -0*g - z*d + 3, 0 = 5*g - 3*d + 39. Let j(w) be the third derivative of w**4/24 + w**3/2 + w**2. Calculate j(g).
-3
Let n(h) be the first derivative of h**3/3 + 97. Let p be n(2). Let b(f) = -f**3 + 4*f**2 + 3*f - 3. Determine b(p).
9
Suppose -11*u + 13*u - 18 = 0. Suppose 75 = -14*l + u*l. Let w be -1*5/l + (-44)/6. Let o(m) = m**2 + 7*m + 10. Determine o(w).
10
Let c(r) = 2*r**3 + 4*r**2 + 2*r - 3. Let p(l) = l**3 + 3*l**2 + 2*l - 3. Let h(f) = -2*c(f) + 3*p(f). Let g = 48 - 89. Let i = g - -43. Determine h(i).
-3
Let c = -12315 - -12314. Let t(h) = -36*h - 6. Determine t(c).
30
Let a(n) = -16 - 18 + 57 - 17 - 11 - 2*n. Let h = -2 + 3. Let p be ((-2)/2 - h) + -4. Calculate a(p).
7
Suppose 0 = 64*o - 68*o - 3*n - 9, 2*o = 4*n - 10. Let r(c) = c**2 + c + 1. Calculate r(o).
7
Suppose 23*b - 60*b = 0. Let x be 1*4 + b/16. Let q(m) = -m**2 + 3*m - 2. What is q(x)?
-6
Let b(x) = -3*x**2 + 4*x + 1. Suppose -t - 2 = -4. Let l(u) = -u**2. Let y(g) = t*l(g) - b(g). Suppose f - 3*f = 25*f - 108. Calculate y(f).
-1
Let i(t) = t + 2 + 0 - 1 + t. Let p be 3*(-166)/(-54) - (-4)/(-18). Let f = -11 + p. What is i(f)?
-3
Let j(v) be the third derivative of v**4/24 + 5*v**3/6 - v**2 + 30*v. Let l(q) = q**2 + 19*q + 39. Let m be l(-16). Give j(m).
-4
Let j(w) = -7*w + 48. Suppose -1038 = -15*g - 158*g. Calculate j(g).
6
Suppose h - 2 + 3 = 0. Let w(c) = 138*c - 76*c + c - 83*c. Give w(h).
20
Let t(d) be the second derivative of 1/6*d**3 + 0 + 34*d + 3/2*d**2. Suppose 17*w + 32 = 9*w. What is t(w)?
-1
Let p(j) = 3*j**2 - 1. Let t be p(-1). Suppose -t*n = 10, 3*g - 11 = 4*n + 3. Let o(x) = 930954*x - 1 - 4*x**3 + 3*x**3 + 3*x**2 - 930952*x. Determine o(g).
15
Suppose 42 = -9*f - 66. Let j(h) = h**2 + 10*h - 11. Give j(f).
13
Let i be -5*(-1)/(-3)*3. Let x(y) be the third derivative of y**6/120 + y**5/12 + y**3/2 - 1193*y**2. What is x(i)?
3
Let q(v) = 3*v + v + 4*v. Let m(t) = 2*t**3 - 169*t - 68. Let j be m(-9). Calculate q(j).
-40
Suppose 8*j + 18*j + 12*j = 0. Let x(g) = 2 + 14*g - 34*g + 21*g. Calculate x(j).
2
Let a(i) = -9*i**2 + 23*i - 11. Suppose -2*m = 3*u - 17, -u = -3*m - 4*u + 30. Let l(x) = -4*x**2 + 11*x - 5. Let v(h) = m*l(h) - 6*a(h). Give v(-5).
26
Let d(m) = 2*m + 11. Let s = 131 + -127. Suppose -s*k + 